.
2, 17, 31, 37, 211
List the prime factors of 1003205979.
3, 157, 78887
List the prime factors of 219511356.
2, 3, 23, 107, 7433
What are the prime factors of 2196290855?
5, 11, 191, 209071
What are the prime factors of 36110054?
2, 113, 159779
List the prime factors of 72520774.
2, 199, 257, 709
What are the prime factors of 2792467623?
3, 11, 29, 2917939
List the prime factors of 48431496.
2, 3, 41, 83, 593
List the prime factors of 61131177.
3, 2543, 2671
What are the prime factors of 777281248?
2, 24290039
List the prime factors of 194914390.
2, 5, 11, 53, 67, 499
List the prime factors of 2222156574.
2, 3, 11, 1499, 7487
What are the prime factors of 2642204565?
3, 5, 7, 11, 13, 58657
List the prime factors of 39023156.
2, 79, 123491
What are the prime factors of 2377984?
2, 7, 1327
What are the prime factors of 7409559?
3, 53, 46601
What are the prime factors of 59061046?
2, 11, 47, 57119
List the prime factors of 31088991.
3, 37, 379, 739
List the prime factors of 132223995.
3, 5, 326479
List the prime factors of 529601572.
2, 37, 179, 19991
List the prime factors of 467205147.
3, 677, 76679
What are the prime factors of 89274431?
23, 1259, 3083
List the prime factors of 1151675760.
2, 3, 5, 4798649
What are the prime factors of 122211734?
2, 31, 41, 131, 367
What are the prime factors of 416178654?
2, 3, 197, 352097
List the prime factors of 332475044.
2, 11, 37, 443, 461
List the prime factors of 2015060410.
2, 5, 11, 43, 167, 2551
What are the prime factors of 2252313341?
23, 97926667
What are the prime factors of 29038342?
2, 14519171
List the prime factors of 850769967.
3, 41, 6916829
List the prime factors of 20542215.
3, 5, 37, 37013
What are the prime factors of 123449980?
2, 5, 6172499
What are the prime factors of 3090943900?
2, 5, 11, 443, 6343
What are the prime factors of 75019314?
2, 3, 12503219
List the prime factors of 16411715.
5, 17, 53, 3643
List the prime factors of 430711605.
3, 5, 9571369
What are the prime factors of 9360890156?
2, 73, 32057843
List the prime factors of 219103578.
2, 3, 227, 53623
List the prime factors of 7185753.
3, 9857
List the prime factors of 1636522113.
3, 29, 18810599
List the prime factors of 3401481078.
2, 3, 10079, 18749
What are the prime factors of 5131934245?
5, 17, 60375697
What are the prime factors of 80081293?
80081293
What are the prime factors of 42480498?
2, 3, 107, 66169
List the prime factors of 1099916562.
2, 3, 97, 593, 3187
What are the prime factors of 1592180514?
2, 3, 88454473
What are the prime factors of 3819494609?
7, 23, 23723569
What are the prime factors of 1652109100?
2, 5, 16521091
List the prime factors of 3285448904.
2, 557, 737309
What are the prime factors of 40524768?
2, 3, 37, 3803
What are the prime factors of 2978009365?
5, 19, 59, 599, 887
What are the prime factors of 535928706?
2, 3, 17, 19, 92179
List the prime factors of 17493703.
31, 564313
What are the prime factors of 566416767?
3, 7, 26972227
List the prime factors of 506387919.
3, 733, 230281
List the prime factors of 95462510.
2, 5, 11, 13, 241, 277
What are the prime factors of 798863805?
3, 5, 1607, 11047
List the prime factors of 1032981533.
30347, 34039
List the prime factors of 134677226.
2, 149, 451937
List the prime factors of 192114239.
23, 43, 47, 4133
What are the prime factors of 36959826?
2, 3, 19, 324209
List the prime factors of 201257338.
2, 379, 265511
List the prime factors of 2697701753.
229, 11780357
List the prime factors of 3906148099.
7, 107, 5215151
What are the prime factors of 575850694?
2, 463, 621869
What are the prime factors of 2700325778?
2, 29, 1597, 29153
List the prime factors of 9703516.
2, 23, 29, 3637
What are the prime factors of 105739367?
79, 1338473
List the prime factors of 3600720707.
29, 124162783
What are the prime factors of 187069752?
2, 3, 2598191
What are the prime factors of 59373238?
2, 29686619
What are the prime factors of 56752436?
2, 13, 1091393
List the prime factors of 658796128.
2, 31, 664109
List the prime factors of 11249807.
31, 362897
List the prime factors of 28325505.
3, 5, 13, 145259
What are the prime factors of 200942615?
5, 40188523
What are the prime factors of 1298585139?
3, 432861713
List the prime factors of 611499153.
3, 89, 2290259
List the prime factors of 1292092836.
2, 3, 37, 149, 19531
List the prime factors of 4116499055.
5, 19, 683, 63443
What are the prime factors of 174753116?
2, 43688279
What are the prime factors of 28808898?
2, 3, 113, 42491
What are the prime factors of 90910788?
2, 3, 7575899
What are the prime factors of 226123549?
1667, 135647
What are the prime factors of 158824238?
2, 89, 892271
List the prime factors of 3411822237.
3, 1137274079
What are the prime factors of 507287341?
11, 46117031
List the prime factors of 3932784985.
5, 41, 61, 314497
What are the prime factors of 262550654?
2, 79, 1661713
What are the prime factors of 67678834?
2, 23, 1471279
What are the prime factors of 17116937?
17116937
List the prime factors of 579130798.
2, 289565399
What are the prime factors of 87482313?
3, 2383, 4079
What are the prime factors of 48942979?
709, 69031
What are the prime factors of 152401256?
2, 7, 2721451
List the prime factors of 640469547.
3, 71163283
List the prime factors of 844885249.
13, 4999321
What are the prime factors of 344586818?
2, 89, 1935881
List the prime factors of 1706852707.
7, 19, 43, 163, 1831
List the prime factors of 1316293222.
2, 73, 9015707
What are the prime factors of 3375870132?
2, 3, 17, 16548383
List the prime factors of 96984910.
2, 5, 11, 881681
List the prime factors of 976709464.
2, 661, 184703
List the prime factors of 70221906.
2, 3, 3901217
List the prime factors of 1119428972.
2, 31, 9027653
What are the prime factors of 3883653992?
2, 47, 71, 145477
What are the prime factors of 1796280008?
2, 467, 480803
List the prime factors of 6630643946.
2, 43, 269, 286619
List the prime factors of 517374011.
7, 11, 6719143
List the prime factors of 6702936598.
2, 23, 1033, 141061
List the prime factors of 4014116.
2, 103, 9743
What are the prime factors of 265220090?
2, 5, 26522009
What are the prime factors of 212979110?
2, 5, 149, 142939
What are the prime factors of 439364690?
2, 5, 241, 182309
List the prime factors of 1554550956.
2, 3, 7, 23, 268211
List the prime factors of 841155335.
5, 168231067
What are the prime factors of 58499462?
2, 7, 547, 7639
List the prime factors of 6492608651.
89, 223, 327133
What are the prime factors of 608298805?
5, 443, 274627
List the prime factors of 42591697.
42591697
List the prime factors of 563082096.
2, 3, 29, 404513
List the prime factors of 5646637525.
5, 37, 6104473
List the prime factors of 4639873286.
2, 35759, 64877
What are the prime factors of 286925890?
2, 5, 643, 44623
List the prime factors of 28133353.
28133353
What are the prime factors of 6015422575?
5, 4273, 56311
What are the prime factors of 4933266237?
3, 61, 8985913
What are the prime factors of 171517900?
2, 5, 23, 74573
What are the prime factors of 7886802?
2, 3, 7, 11, 43, 397
List the prime factors of 94752827.
13, 443, 16453
List the prime factors of 3153905711.
11, 59, 2083, 2333
What are the prime factors of 59920407?
3, 89, 239, 313
List the prime factors of 193799494.
2, 7, 229, 60449
What are the prime factors of 949908108?
2, 3, 29, 83, 32887
List the prime factors of 91648461.
3, 30549487
List the prime factors of 330397647.
3, 4519, 24371
What are the prime factors of 214469217?
3, 53, 449621
What are the prime factors of 3161094110?
2, 5, 316109411
What are the prime factors of 7766778?
2, 3, 23, 2447
What are the prime factors of 76359629?
59, 1294231
What are the prime factors of 8700021446?
2, 23, 5573, 33937
What are the prime factors of 6345456?
2, 3, 13, 10169
What are the prime factors of 2692301937?
3, 13, 67, 1030349
What are the prime factors of 399468435?
3, 5, 26631229
What are the prime factors of 4238948978?
2, 11, 79, 149, 16369
What are the prime factors of 915268033?
915268033
List the prime factors of 1292455987.
4243, 304609
What are the prime factors of 120036850?
2, 5, 659, 3643
List the prime factors of 34292643.
3, 7, 11, 53, 2801
List the prime factors of 5501372.
2, 137, 10039
What are the prime factors 